 5*w + 1 - n + 3*w - w**2. Is a(6) composite?
False
Let i(p) = -p**3 + 6*p**2 + 7*p + 1. Let x be i(7). Let c = -2 - -8. Is (13/2)/(x/c) composite?
True
Let x = 327 + 33. Let l(i) = -i**3 - 12*i**2 - 5*i + 5. Let t be l(-8). Let c = x + t. Is c a prime number?
True
Let o(d) = -1289*d + 12. Is o(-5) a prime number?
False
Let i(l) = -204*l - 1. Is i(-1) a prime number?
False
Let d be 10/15 - 14/(-6). Let g be -1*330/((-2)/1). Suppose 0 = d*c + 2*c - g. Is c prime?
False
Let z = -16 - -4. Let a = 43 + z. Is a a prime number?
True
Suppose 20 - 77 = -d. Suppose 5*b - 162 + d = 0. Suppose -2*h + h + b = 0. Is h prime?
False
Let b(f) = f**2 + f - 6. Let v be b(0). Is (v/(-9))/(2/27) a composite number?
True
Suppose 81 = -2*k + 1. Let p = k + 225. Is p prime?
False
Let w be -2 + (-2 - (0 + -2)). Let q be w/(-8) + (-15)/(-4). Is q/14 - 1186/(-14) composite?
True
Let j(m) = 5*m**3 + m**2 + m. Let q be j(-1). Let v(f) = f**3 + 5*f**2 - f - 1. Let h be v(q). Is (-1)/h + 645/4 composite?
True
Let m = 1156 + -654. Is m prime?
False
Let j(p) = -5 + 7 - 3 + 24*p. Is j(1) a prime number?
True
Let b = -6 + 6. Let r = -2 + b. Is r + 3 - -49 - -3 composite?
False
Suppose 21 + 23 = 4*w. Let j(i) = 16*i + 5. Let g(z) = -49*z - 16. Let o(c) = w*j(c) + 4*g(c). Is o(-6) a composite number?
True
Let a(g) be the second derivative of -g**5/20 + 3*g**4/4 - 5*g**3/6 - 5*g**2 - 8*g. Is a(7) a prime number?
True
Let m(a) = -a**2 - 10*a - 2. Let t(i) = i. Let n(s) = m(s) + 4*t(s). Let h be n(-5). Suppose 4*l = 2*x - h*x + 132, -5*x + 99 = 3*l. Is l composite?
True
Let s(x) = 2*x - 16*x - 4*x. Let m be s(-2). Is (m - 2) + 4 + -3 composite?
True
Suppose 177 = 4*d + 5*c, -5 = 3*c - 8*c. Is d prime?
True
Suppose 5*t - d - 10 = 0, 4*t + 3*d - 37 = -2*d. Suppose -77 = -t*b - 20. Is b a prime number?
True
Suppose 0 = 3*j + 3*n - 161 - 166, -5*j + 5*n = -505. Suppose -b = -o + j, -o = -6*b + b - 101. Let s = 189 - o. Is s a prime number?
True
Let r(k) = 6*k**3 + 2*k**2 - k - 1. Let g(z) = -z**2 - 7*z + 8. Let u be g(-7). Suppose a + 2 = s + 1, a = -2*s + u. Is r(a) prime?
True
Suppose -1003 = 3*h - 3670. Is h a composite number?
True
Let u = 6 + -10. Let h(z) = -41*z - 1. Is h(u) a prime number?
True
Suppose -4*g + 2358 = 2*j + 3*j, -5*g + 3*j = -2929. Is g a composite number?
False
Let d be (1 + 9/(-6))*-2. Suppose 0 = -2*u - d + 3. Is (-1*7)/(u/(-5)) a prime number?
False
Suppose 7*j - 2*j - 33 = v, -3*j + 135 = -3*v. Let w = 103 + v. Is w a composite number?
True
Suppose -j - 3*k = -3, 2*k + 0*k = -4*j + 12. Let o = j - 6. Let m(i) = -3*i**3 - 4*i**2 - 2*i - 4. Is m(o) composite?
False
Suppose -k - 176 = -3*k. Let f = 125 - k. Is f a composite number?
False
Suppose 39 = -4*p + c, -4*p - 8 = -4*c + 16. Let j = p - -21. Is 106/j + 6/(-10) prime?
False
Let a(r) = -r**2 + 11*r - 10. Suppose -8 = -2*u + 8. Let f be a(u). Is 438/14 + (-4)/f a prime number?
True
Let a be (-147)/14 + (-1)/(-2). Is (a/3)/(8/(-84)) prime?
False
Suppose 4*o + 11 = -9, -2*y - 5*o + 505 = 0. Is y a prime number?
False
Let x(i) = 25*i**2 + i + 1. Is x(-4) composite?
False
Suppose 0 = -j + 4*j - 4*i + 23, 4*j = 2*i - 14. Let v = 1 + 1. Is (v + j)/((-4)/(-460)) a composite number?
True
Let h = -896 - -4557. Is h a prime number?
False
Let b(h) = 22*h**2 + 8*h - 1. Is b(6) a prime number?
True
Suppose 5*s - 375 = 8*d - 3*d, s - 67 = -d. Let h = 220 - s. Is h prime?
True
Let b(d) = 88*d - 5. Let i(h) = 88*h + 2 - 7 + 0. Let l(o) = 2*b(o) - 3*i(o). Is l(-5) prime?
False
Let v be (-1)/(-2)*2 - -38. Suppose h + 27 = 2*h - 2*c, h - 5*c - v = 0. Is h composite?
False
Suppose 129 = 5*u - 146. Let p = u - 34. Is (-1110)/(-14) + (-6)/p a composite number?
False
Suppose 4*f = -0*f. Let z be (-3)/(-1) + (-8)/(-2). Let p = z + f. Is p composite?
False
Suppose -25 = -a + 6*a, -p - 5*a - 23 = 0. Let g be (6 - 0)*(-2)/(-6). Suppose n - p*m = -0*m + 13, m = -g*n + 31. Is n a composite number?
True
Let a = 41 + 14. Is a a prime number?
False
Suppose -l = -5*x + 4, x + 5*l - 7 = -1. Let u(k) = 107*k - 2*k + 18*k. Is u(x) composite?
True
Suppose 0 = w - s + 6, 9 = -4*w + 3*s - 12. Is 8/4 - (w - 116) composite?
True
Suppose 0 = 2*k + 2*o - 6 + 16, 0 = -3*o - 15. Let s = k + -2. Is (-79 - (2 + s))/(-1) composite?
False
Let u(b) = 65*b + 12. Is u(5) a prime number?
True
Let u = -1043 - -1950. Is u prime?
True
Let m = -13 + -4. Let v = 9 - 13. Let n = v - m. Is n a composite number?
False
Suppose -2*t = t - 15. Let s be 2 - (-1 - (-1 - 0)). Suppose 33 = 3*f + 2*b, t*f - 7 = 4*f - s*b. Is f prime?
True
Let v be 1/(6/1492)*3. Let b = v + -1. Is b composite?
True
Let x(j) = -105*j**3 - j**2 + 1. Let y be x(-1). Suppose -2*m - m = -y. Is m prime?
False
Let t = -5 + -77. Let u be 2/(-3) + t/(-6). Suppose -7 = -2*s + u. Is s prime?
False
Suppose 0*j - 2*a = -3*j + 481, 0 = 4*j - 4*a - 644. Let x = -42 - -138. Suppose -j = -3*t + x. Is t composite?
True
Let n(x) = -x**2 - 3*x + 3. Let v be n(-3). Suppose 2*b + v*b = 115. Suppose -4*f - b = -k, 0*k - 4*f = -5*k + 115. Is k composite?
False
Let t(n) = n**3 + 8*n**2 - 17*n - 7. Is t(-9) a composite number?
True
Suppose -15 + 0 = 5*a, -3*a - 2046 = -3*m. Is m prime?
False
Let y(a) = 2*a**3 - 5*a**2 - 5*a + 2. Let m(f) = f**3. Let l(z) = m(z) - y(z). Is l(3) a prime number?
True
Suppose 2*s = -5*v - 393, -5*v + 2*v + s - 238 = 0. Let g = 474 + v. Is g a prime number?
False
Is 11/((-66)/(-23688)) + 1 a prime number?
False
Suppose 4*j - j = t + 2934, 2*j - 4*t = 1966. Is j prime?
True
Is (2/(-4)*-1)/(2/628) composite?
False
Let b = -379 - -1298. Is b composite?
False
Is 5*(-4 - -5) + 738 prime?
True
Suppose 4*c = 2*b + 3*b + 24, -25 = -5*c + 5*b. Let q be 1 + (1 + 32)/c. Is (q + 5)*4/6 prime?
False
Suppose 0 = -6*j + 5*j + x + 1691, -8 = -4*x. Is j a prime number?
True
Let a(l) = 49*l + 2. Is a(3) prime?
True
Let f(m) = -m**3 - 6*m + 7. Let q be 1/(((-6)/(-8))/3). Let u be (-2)/(-8) - 25/q. Is f(u) composite?
True
Suppose -z = -3*h + 63, -3*h - 4*z + 28 = -h. Suppose 2*j = -2*o + 146, 3*o + h + 116 = 2*j. Is j a prime number?
True
Suppose -4*t = -87 + 3. Let n = 17 + t. Is n a composite number?
True
Let p = 23 - 13. Suppose 3*d = 2*n + 2*n - p, 0 = 4*n + 8. Is (d/9)/((-4)/318) prime?
True
Suppose 2*d - 162 = 2*c + 162, -4*c = -5*d + 645. Let n = -116 - c. Is n prime?
False
Let h(x) = -8*x**3 - 4*x**2 + x + 3. Let j be h(-3). Suppose 4*w = 4*r - 864, -2*r - 4*w + 222 = -j. Is r prime?
True
Let t = 6 - -2. Let a = t + -6. Is (-1)/(-2) - (-37)/a composite?
False
Let q be (14 + 2)*2/4. Let x = q - 3. Suppose -3*p + 3*w - 8*w = -83, x*p - 2*w = 159. Is p a composite number?
False
Let w be 5 + -2 - (-188 - 1). Suppose 4*i + 4*g = w, 4*i = 5*g - 41 + 278. Is i a prime number?
True
Is (-11980)/(-16) + 1/4 a prime number?
False
Suppose 28 = 4*l - 3*l - 5*c, -3*l + 5*c = -44. Let i(f) = 3*f + 9*f + 35 - 40. Is i(l) a composite number?
True
Suppose 4*p - 3*i - 4664 = i, p = 5*i + 1146. Is p prime?
True
Let g(z) = z**2 + 6*z + 2. Let h be g(-4). Let f(v) = v**2 + 1. Is f(h) a composite number?
False
Suppose 0 = u - 4*u - 9. Is ((-97)/3)/(u/9) a composite number?
False
Suppose 79 - 628 = -3*i. Let g = 325 - i. Let o = 297 - g. Is o a composite number?
True
Is (382/10)/(9/45) a prime number?
True
Suppose -26 = -4*v - 5*b, 2*b - 3 = 2*v - 7. Suppose -10 = -v*y + 42. Is y a composite number?
False
Let d(v) = -9*v - 1. Let k be d(-1). Suppose 6 = -r - 2*r + 3*t, 3*t + k = -4*r. Is ((-3)/6)/(r/148) a prime number?
True
Let q(z) = z**3 - 10*z**2 + 16*z - 8. Is q(13) composite?
True
Suppose -2*u + 10 = 0, 0*p = 3*p + u - 548. Suppose -j + p = -5*x, -3*j = -6*j - x + 623. Suppose 0 = -3*t + j - 59. Is t a prime number?
False
Let z(w) = -w**2 + 2*w + 419. Is z(0) composite?
False
Let b(k) = k**3 + 26*k**2 - 8*k - 2. Is b(-11) composite?
False
Suppose -5*y + 0*n + 16 = n, -5*y - 3*n + 8 = 0. Let h be 6/y + (-1)/(-2). Is (h - -1)/(-6)*-46 composite?
False
Suppose 36*i = 38*i - 854. Is i a prime number?
False
Let z(h) be the first derivative of 3*h**4 - h**3/3 + h**2 - h + 3. Is z(2) prime?
False
Suppose 7711 = 6*o + 5*o. Is o prime?
True
Suppose 2*o - 1 = 5. Is -4*o/(12/(-79)) prime?
True
Suppose 25 = 4*b + 5*p, b - 2*b - 2*p + 7 = 0. Let o = 0 + 0. Suppose o = -3*f - b*j + 93, 4*f + 3*j - 5*j - 124 = 0. Is f prime?
Tru